{"version":"1.0","provider_name":"Randizombik","provider_url":"https:\/\/randizombik.cafeblog.hu","author_name":"RandiN\u0151","author_url":"https:\/\/randizombik.cafeblog.hu\/author\/randino\/","title":"Robotzombi vs. Ny\u00e1las Sanyi","html":"<p><p>Henrik egy kicsit hm... autist\u00e1nak t\u0171nik. Legal\u00e1bbis a st\u00edlusa el\u00e9g szaggatott \u00e9s darabos. Olyan gy\u00far\u00f3s sr\u00e1cnak k\u00e9pzelem, akinek mindig ugr\u00e1lnak a r\u00e1g\u00f3izmai, \u00e9s a hal\u00e1nt\u00e9k\u00e1n kidagadnak az erek a t\u00fcsihaj alatt. R\u00e1ad\u00e1sul feled\u00e9keny is lehet szeg\u00e9ny a sok ketamint\u00f3l, mert 2 nap elt\u00e9r\u00e9ssel \u00fajra \u00edrt egy levelet.<\/p><\/p><blockquote class=\"webkit-indent-blockquote\" style=\"margin: 0 0 0 40px; border: none; padding: 0px;\"><\/blockquote>1. sz\u00f6sszenet<br><blockquote class=\"webkit-indent-blockquote\" style=\"margin: 0 0 0 40px; border: none; padding: 0px;\"><p><i><p>\"M\u00e1s mint a megszokott.Szia.<br><span class=\"Apple-style-span\" style=\"font-style: normal; \"><i><p style=\"display: inline !important; \"><span class=\"Apple-style-span\" style=\"font-style: normal; \"><i><\/i><\/span><\/p><p style=\"display: inline !important; \"><i>Egym\u00e1st kertes\u00fck?Csak kett\u0151nk\u00f6n m\u00falik minden.<br><\/i><\/p><\/i><\/span><span class=\"Apple-style-span\" style=\"font-style: normal; \"><i><p style=\"display: inline !important; \"><span class=\"Apple-style-span\" style=\"font-style: normal; \"><i><\/i><\/span><\/p><p style=\"display: inline !important; \"><i>El\u0151sz\u00f6r ismerj\u00fck meg egym\u00e1st itt,s m\u00e9g b\u00e1rmi is lehet.<br><\/i><\/p><\/i><\/span><span class=\"Apple-style-span\" style=\"font-style: normal; \"><i><p style=\"display: inline !important; \"><span class=\"Apple-style-span\" style=\"font-style: normal; \"><i><\/i><\/span><\/p><p style=\"display: inline !important; \"><i>Szeretem izgatni a n\u0151ket,sok\u00e1ig k\u00e9nyeztetni.&nbsp;<br><\/i><\/p><\/i><\/span><span class=\"Apple-style-span\" style=\"font-style: normal; \"><i><p style=\"display: inline !important; \"><span class=\"Apple-style-span\" style=\"font-style: normal; \"><i><\/i><\/span><\/p><p style=\"display: inline !important; \"><i><i>Izgatni.&nbsp;<br><\/i><\/i><\/p><\/i><\/span><span class=\"Apple-style-span\" style=\"font-style: normal; \"><i><p style=\"display: inline !important; \"><span class=\"Apple-style-span\" style=\"font-style: normal; \"><i><\/i><\/span><\/p><p style=\"display: inline !important; \"><i>Ut\u00e1na hosszan kem\u00e9nyen szeretkezni eg\u00e9sz nap\/este.<br><\/i><\/p><\/i><\/span><span class=\"Apple-style-span\" style=\"font-style: normal; \"><i><p style=\"display: inline !important; \"><span class=\"Apple-style-span\" style=\"font-style: normal; \"><i><\/i><\/span><\/p><p style=\"display: inline !important; \"><i>\u00c9n nem el\u00e9gszem meg egy k\u00e9t sil\u00e1ny \"menettel\".&nbsp;<br><\/i><\/p><\/i><\/span><span class=\"Apple-style-span\" style=\"font-style: normal; \"><i><p style=\"display: inline !important; \"><span class=\"Apple-style-span\" style=\"font-style: normal; \"><i><\/i><\/span><\/p><p style=\"display: inline !important; \"><i>Engem az tesz igaz\u00e1n boldogg\u00e1 ha k\u00e9nyeztethetlek.<br><\/i><\/p><\/i><\/span><span class=\"Apple-style-span\" style=\"font-style: normal; \"><i><p style=\"display: inline !important; \"><span class=\"Apple-style-span\" style=\"font-style: normal; \"><i><\/i><\/span><\/p><p style=\"display: inline !important; \"><i>S te ezt hagyod.<br><\/i><\/p><\/i><\/span><span class=\"Apple-style-span\" style=\"font-style: normal; \"><i><p style=\"display: inline !important; \"><span class=\"Apple-style-span\" style=\"font-style: normal; \"><i><\/i><\/span><\/p><p style=\"display: inline !important; \"><i><i>Rem\u00e9lem felkeltettem az \u00e9rdekl\u0151d\u00e9sed.<br><\/i><\/i><\/p><\/i><\/span><span class=\"Apple-style-span\" style=\"font-style: normal; \"><i><p style=\"display: inline !important; \"><span class=\"Apple-style-span\" style=\"font-style: normal; \"><i><\/i><\/span><\/p><p style=\"display: inline !important; \"><i><i>\u00dcdv: Henrik\"<\/i><\/i><\/p><\/i><\/span><p><\/p><\/p><p><p><\/p><\/p><\/i><\/p><\/blockquote>2. sz\u00f6sszenet<br><blockquote class=\"webkit-indent-blockquote\" style=\"margin: 0 0 0 40px; border: none; padding: 0px;\"><p><i><p><span class=\"Apple-style-span\" style=\"font-style: normal; \"><i><p style=\"display: inline !important; \">\"Nem h\u00e9tk\u00f6znapi n\u0151t,nem h\u00e9tk\u00f6znapi kapcsolatra.Ismerkedj\u00fcnk?<br><\/p><\/i><\/span><span class=\"Apple-style-span\" style=\"font-style: normal; \"><i><p style=\"display: inline !important; \"><span class=\"Apple-style-span\" style=\"font-style: normal; \"><i><\/i><\/span><\/p><p style=\"display: inline !important; \"><i>Szia.<br><\/i><\/p><\/i><\/span><span class=\"Apple-style-span\" style=\"font-style: normal; \"><i><p style=\"display: inline !important; \"><span class=\"Apple-style-span\" style=\"font-style: normal; \"><i><\/i><\/span><\/p><p style=\"display: inline !important; \"><i>Gy\u00f6ny\u00f6r\u0171 vagy,minden elismer\u00e9sem \u00e9s b\u00e1rmi is legyen a v\u00e1laszod \u00f6r\u00fcltem hogy l\u00e1thattam egy ilyen sz\u00e9ps\u00e9get.<br><\/i><\/p><\/i><\/span><span class=\"Apple-style-span\" style=\"font-style: normal; \"><i><p style=\"display: inline !important; \"><span class=\"Apple-style-span\" style=\"font-style: normal; \"><i><\/i><\/span><\/p><p style=\"display: inline !important; \"><i>Rem\u00e9lem felkeltettem az \u00e9rdekl\u0151d\u00e9sed.<br><\/i><\/p><\/i><\/span><span class=\"Apple-style-span\" style=\"font-style: normal; \"><i><p style=\"display: inline !important; \"><span class=\"Apple-style-span\" style=\"font-style: normal; \"><i><\/i><\/span><\/p><p style=\"display: inline !important; \"><i>\u00dcdv: Henrik\"<\/i><\/p><\/i><\/span><p><\/p><\/p><\/i><\/p><\/blockquote><p>Sanyizombi pedig egy r\u00edm n\u00e9lk\u00fcl szabadversben h\u00edzelgett nekem, s\u0151t, m\u00e9g egy titkot is megosztott velem, aminek a fej\u00e9ben persze tal\u00e1lkoznunk kellene. Ak\u00e1r cuki is lehetne, ha nem volna rettent\u0151 k\u00f6zhelyes \u00e9s ny\u00e1las az \u00fczenet. Vagy st\u00edlusosan: az \"\u00fczi\".<\/p><blockquote class=\"webkit-indent-blockquote\" style=\"margin: 0 0 0 40px; border: none; padding: 0px;\"><p><i>\"Szia.Sanyi<br><\/i><i>vok.S\u00fagok egy<br><\/i><i>titkot...:Nagyon<br><\/i><i>Gy\u00f6ny\u00f6r\u0171 \u00e9s Csinos<br><\/i><i>vagy.<br><\/i><i>Viszont,\u00edgy<br><\/i><i>hogy,megosztottam<br><\/i><i>veled e titkot,meg<br><\/i><i>kell hogy<br><\/i><i>ismerkedj\u00fcnk mert<br><\/i><i>ak\u00e1rkire nem<br><\/i><i>b\u00edzhatom! Na<br><\/i><i>j\u00f3,f\u00e9lre a<br><\/i><i>tr\u00e9f\u00e1val.T\u00e9nyleg \u00c9di<br><\/i><i>vagy.Nagyon,nagyon....\"<\/i><\/p><\/blockquote>","type":"rich"}

RandiNő

Robotzombi vs. Nyálas Sanyi

<p><p>Henrik egy kicsit hm... autistának tűnik. Legalábbis a stílusa elég szaggatott és darabos. Olyan gyúrós srácnak képzelem, akinek mindig ugrálnak a rágóizmai, és a halántékán kidagadnak az erek a tüsihaj alatt. Ráadásul feledékeny is lehet szegény a sok ketamintól, mert 2 nap eltéréssel újra írt egy levelet.</p></p><blockquote class="webkit-indent-blockquote" style="margin: 0 0 0 40px; border: none; padding: 0px;"></blockquote>1. szösszenet<br><blockquote class="webkit-indent-blockquote" style="margin: 0 0 0 40px; border: none; padding: 0px;"><p><i><p>"Más mint a megszokott.Szia.<br><span class="Apple-style-span" style="font-style: normal; "><i><p style="display: inline !important; "><span class="Apple-style-span" style="font-style: normal; "><i></i></span></p><p style="display: inline !important; "><i>Egymást kertesük?Csak kettőnkön múlik minden.<br></i></p></i></span><span class="Apple-style-span" style="font-style: normal; "><i><p style="display: inline !important; "><span class="Apple-style-span" style="font-style: normal; "><i></i></span></p><p style="display: inline !important; "><i>Először ismerjük meg egymást itt,s még bármi is lehet.<br></i></p></i></span><span class="Apple-style-span" style="font-style: normal; "><i><p style="display: inline !important; "><span class="Apple-style-span" style="font-style: normal; "><i></i></span></p><p style="display: inline !important; "><i>Szeretem izgatni a nőket,sokáig kényeztetni.&nbsp;<br></i></p></i></span><span class="Apple-style-span" style="font-style: normal; "><i><p style="display: inline !important; "><span class="Apple-style-span" style="font-style: normal; "><i></i></span></p><p style="display: inline !important; "><i><i>Izgatni.&nbsp;<br></i></i></p></i></span><span class="Apple-style-span" style="font-style: normal; "><i><p style="display: inline !important; "><span class="Apple-style-span" style="font-style: normal; "><i></i></span></p><p style="display: inline !important; "><i>Utána hosszan keményen szeretkezni egész nap/este.<br></i></p></i></span><span class="Apple-style-span" style="font-style: normal; "><i><p style="display: inline !important; "><span class="Apple-style-span" style="font-style: normal; "><i></i></span></p><p style="display: inline !important; "><i>Én nem elégszem meg egy két silány "menettel".&nbsp;<br></i></p></i></span><span class="Apple-style-span" style="font-style: normal; "><i><p style="display: inline !important; "><span class="Apple-style-span" style="font-style: normal; "><i></i></span></p><p style="display: inline !important; "><i>Engem az tesz igazán boldoggá ha kényeztethetlek.<br></i></p></i></span><span class="Apple-style-span" style="font-style: normal; "><i><p style="display: inline !important; "><span class="Apple-style-span" style="font-style: normal; "><i></i></span></p><p style="display: inline !important; "><i>S te ezt hagyod.<br></i></p></i></span><span class="Apple-style-span" style="font-style: normal; "><i><p style="display: inline !important; "><span class="Apple-style-span" style="font-style: normal; "><i></i></span></p><p style="display: inline !important; "><i><i>Remélem felkeltettem az érdeklődésed.<br></i></i></p></i></span><span class="Apple-style-span" style="font-style: normal; "><i><p style="display: inline !important; "><span class="Apple-style-span" style="font-style: normal; "><i></i></span></p><p style="display: inline !important; "><i><i>Üdv: Henrik"</i></i></p></i></span><p></p></p><p><p></p></p></i></p></blockquote>2. szösszenet<br><blockquote class="webkit-indent-blockquote" style="margin: 0 0 0 40px; border: none; padding: 0px;"><p><i><p><span class="Apple-style-span" style="font-style: normal; "><i><p style="display: inline !important; ">"Nem hétköznapi nőt,nem hétköznapi kapcsolatra.Ismerkedjünk?<br></p></i></span><span class="Apple-style-span" style="font-style: normal; "><i><p style="display: inline !important; "><span class="Apple-style-span" style="font-style: normal; "><i></i></span></p><p style="display: inline !important; "><i>Szia.<br></i></p></i></span><span class="Apple-style-span" style="font-style: normal; "><i><p style="display: inline !important; "><span class="Apple-style-span" style="font-style: normal; "><i></i></span></p><p style="display: inline !important; "><i>Gyönyörű vagy,minden elismerésem és bármi is legyen a válaszod örültem hogy láthattam egy ilyen szépséget.<br></i></p></i></span><span class="Apple-style-span" style="font-style: normal; "><i><p style="display: inline !important; "><span class="Apple-style-span" style="font-style: normal; "><i></i></span></p><p style="display: inline !important; "><i>Remélem felkeltettem az érdeklődésed.<br></i></p></i></span><span class="Apple-style-span" style="font-style: normal; "><i><p style="display: inline !important; "><span class="Apple-style-span" style="font-style: normal; "><i></i></span></p><p style="display: inline !important; "><i>Üdv: Henrik"</i></p></i></span><p></p></p></i></p></blockquote><p>Sanyizombi pedig egy rím nélkül szabadversben hízelgett nekem, sőt, még egy titkot is megosztott velem, aminek a fejében persze találkoznunk kellene. Akár cuki is lehetne, ha nem volna rettentő közhelyes és nyálas az üzenet. Vagy stílusosan: az "üzi".</p><blockquote class="webkit-indent-blockquote" style="margin: 0 0 0 40px; border: none; padding: 0px;"><p><i>"Szia.Sanyi<br></i><i>vok.Súgok egy<br></i><i>titkot...:Nagyon<br></i><i>Gyönyörű és Csinos<br></i><i>vagy.<br></i><i>Viszont,így<br></i><i>hogy,megosztottam<br></i><i>veled e titkot,meg<br></i><i>kell hogy<br></i><i>ismerkedjünk mert<br></i><i>akárkire nem<br></i><i>bízhatom! Na<br></i><i>jó,félre a<br></i><i>tréfával.Tényleg Édi<br></i><i>vagy.Nagyon,nagyon...."</i></p></blockquote>
